{"id":154,"date":"2023-08-01T10:14:25","date_gmt":"2023-08-01T16:14:25","guid":{"rendered":"https:\/\/chapter.ser.org\/ser-iac\/?page_id=154"},"modified":"2024-05-04T20:13:15","modified_gmt":"2024-05-05T02:13:15","slug":"conferencias-y-simposios","status":"publish","type":"page","link":"https:\/\/chapter.ser.org\/ser-iac\/conferencias-y-simposios\/","title":{"rendered":"Conferencias y Simposios"},"content":{"rendered":"\n<h2 class=\"wp-block-heading\">I Congreso Mexicano y VII Iberoamericano y del Caribe de Restauraci\u00f3n Ecol\u00f3gica<\/h2>\n\n\n\n<figure class=\"wp-block-embed is-type-video is-provider-youtube wp-block-embed-youtube wp-embed-aspect-16-9 wp-has-aspect-ratio\"><div class=\"wp-block-embed__wrapper\">\n<iframe loading=\"lazy\" title=\"I Congreso Mexicano y VII Iberoamericano y del Caribe de Restauraci\u00f3n Ecol\u00f3gica\" width=\"500\" height=\"281\" src=\"https:\/\/www.youtube.com\/embed\/NUm4vfvML6w?feature=oembed\" frameborder=\"0\" allow=\"accelerometer; autoplay; clipboard-write; encrypted-media; gyroscope; picture-in-picture; web-share\" referrerpolicy=\"strict-origin-when-cross-origin\" allowfullscreen><\/iframe>\n<\/div><figcaption class=\"wp-element-caption\"><br><br><br><br><br><br><br><br><br><br><br><br><br><br><br><br><br><br><br><br><br><br><\/figcaption><\/figure>\n\n\n\n<p><\/p>\n\n\n\n<p><\/p>\n\n\n\n<p><\/p>\n\n\n\n<hr class=\"wp-block-separator has-alpha-channel-opacity\" \/>\n\n\n\n<p><\/p>\n\n\n\n<h2 class=\"wp-block-heading\"><strong>V Congreso Colombiano y VI Iberoamericano y del Caribe de Restauraci\u00f3n Ecol\u00f3gica<\/strong><\/h2>\n\n\n\n<h3 class=\"wp-block-heading\"><strong>\u201cIntegrando saberes de las monta\u00f1as a los mares\u201d<\/strong><\/h3>\n\n\n\n<h4 class=\"wp-block-heading\">Bogot\u00e1-Colombia, junio 12-16 de 2023<\/h4>\n\n\n\n<h4 class=\"wp-block-heading\">Pontificia Universidad Javeriana-sede Bogot\u00e1<\/h4>\n\n\n\n<p>Bajo el lema <strong><em>\u00abintegrando saberes de las monta\u00f1as a los mares\u00bb<\/em><\/strong>, logramos llevar a cabo, con bastante \u00e9xito, el V Congreso Colombiano y VI Iberoamericano y del Caribe de Restauraci\u00f3n Ecol\u00f3gica. Su realizaci\u00f3n fue una apuesta conjunta entre la Red Colombiana de Restauraci\u00f3n Ecol\u00f3gica, el Cap\u00edtulo de Iberoam\u00e9rica y el Caribe de la Sociedad para la Restauraci\u00f3n Ecol\u00f3gica y la Pontificia Universidad Javeriana-sede Bogot\u00e1. La consideraci\u00f3n del lema tuvo como prop\u00f3sito hacer un llamado de atenci\u00f3n a las partes interesadas con el prop\u00f3sito de que vieran y entendieran los planes y proyectos de restauraci\u00f3n ecol\u00f3gica no como hechos aislados, sino con enfoque integral y regional. De igual manera, se aprovecho el congreso para resaltar la iniciativa de la d\u00e9cada de la restauraci\u00f3n Ecol\u00f3gica propuesta por la Organizaci\u00f3n de Naciones Unidas con el prop\u00f3sito de revertir los efectos de la degradaci\u00f3n en todo el planeta. Cuatro fueron las tem\u00e1ticas: i) experiencias y t\u00e9cnicas de restauraci\u00f3n ecol\u00f3gica, ii) an\u00e1lisis de informaci\u00f3n y sistemas de monitoreo en procesos de restauraci\u00f3n, iii) gobernanza y participaci\u00f3n social, y iv) restauraci\u00f3n ecol\u00f3gica y gesti\u00f3n de cambio clim\u00e1tico; Alrededor de ellas fueron montadas las conferencias magistrales, los simposios, talleres y los carteles.<\/p>\n\n\n\n<p>La ejecuci\u00f3n del congreso implic\u00f3 afrontar varios retos, entre ellos: 1) realizar un evento presencial despu\u00e9s de la pandemia, 2) lograr una buena participaci\u00f3n tanto nacional como internacional en el marco de la crisis econ\u00f3mica postpandemia que vive la Am\u00e9rica Latina, 3) lograr conseguir aliados que patrocinar\u00e1n el evento, y 4) lograr que no fuera un congreso solamente de acad\u00e9micos, sino de participaci\u00f3n de todas las partes interesadas (empresarios, gobierno, t\u00e9cnicos, organizaciones no gubernamentales, comunidades campesinas, ind\u00edgenas y afrodescendientes). &nbsp;Este congreso fue un espacio de encuentro, reflexi\u00f3n, discusi\u00f3n y proyecci\u00f3n de los avances y desaf\u00edos en la ecolog\u00eda de la restauraci\u00f3n y la restauraci\u00f3n ecol\u00f3gica en nuestros territorios, en el contexto del cambio clim\u00e1tico y las m\u00faltiples crisis socio-ecol\u00f3gicas. \u00a1\u00a1\u00a1<strong>La verdad lo logramos!!!<\/strong><\/p>\n\n\n\n<figure class=\"wp-block-gallery has-nested-images columns-default is-cropped wp-block-gallery-1 is-layout-flex wp-block-gallery-is-layout-flex\">\n<figure class=\"wp-block-image size-full\"><img loading=\"lazy\" decoding=\"async\" width=\"640\" height=\"427\" data-id=\"163\" src=\"https:\/\/chapter.ser.org\/ser-iac\/files\/2023\/08\/Asistentes-3-Congreso-2023.jpeg\" alt=\"\" class=\"wp-image-163\" srcset=\"https:\/\/chapter.ser.org\/ser-iac\/files\/2023\/08\/Asistentes-3-Congreso-2023.jpeg 640w, https:\/\/chapter.ser.org\/ser-iac\/files\/2023\/08\/Asistentes-3-Congreso-2023-300x200.jpeg 300w, https:\/\/chapter.ser.org\/ser-iac\/files\/2023\/08\/Asistentes-3-Congreso-2023-600x400.jpeg 600w, https:\/\/chapter.ser.org\/ser-iac\/files\/2023\/08\/Asistentes-3-Congreso-2023-450x300.jpeg 450w, https:\/\/chapter.ser.org\/ser-iac\/files\/2023\/08\/Asistentes-3-Congreso-2023-400x267.jpeg 400w\" sizes=\"auto, (max-width: 640px) 100vw, 640px\" \/><\/figure>\n\n\n\n<figure class=\"wp-block-image size-full\"><img loading=\"lazy\" decoding=\"async\" width=\"640\" height=\"427\" data-id=\"173\" src=\"https:\/\/chapter.ser.org\/ser-iac\/files\/2023\/08\/Asistentes-4.jpeg\" alt=\"\" class=\"wp-image-173\" srcset=\"https:\/\/chapter.ser.org\/ser-iac\/files\/2023\/08\/Asistentes-4.jpeg 640w, https:\/\/chapter.ser.org\/ser-iac\/files\/2023\/08\/Asistentes-4-300x200.jpeg 300w, https:\/\/chapter.ser.org\/ser-iac\/files\/2023\/08\/Asistentes-4-600x400.jpeg 600w, https:\/\/chapter.ser.org\/ser-iac\/files\/2023\/08\/Asistentes-4-450x300.jpeg 450w, https:\/\/chapter.ser.org\/ser-iac\/files\/2023\/08\/Asistentes-4-400x267.jpeg 400w\" sizes=\"auto, (max-width: 640px) 100vw, 640px\" \/><\/figure>\n<\/figure>\n\n\n\n<p>&nbsp;<\/p>\n\n\n\n<p>En cuanto a la asistencia, contamos con la participaci\u00f3n de 685 personas provenientes de 16 pa\u00edses, la delegaci\u00f3n colombiana fue la m\u00e1s abundante con 607 participantes. Desde el punto de vista de formaci\u00f3n acad\u00e9mica el grupo de profesionales de diferentes disciplinas fue el m\u00e1s abundante con 310 asistentes, seguido de 96 participantes con grado de magister y 64 con t\u00edtulo de doctorado. Adem\u00e1s, cabe resaltar la presencia de 45 l\u00edderes sociales.<\/p>\n\n\n\n<p>En cuanto al componente acad\u00e9mico, se realizaron 6 cursos pre-congreso, 9 conferencias magistrales, se presentaron 44 simposios, 4 talleres, 2 plenarias y 40 carteles. En total, hubo 410 ponencias orales correspondientes a 299 ponentes, de 190 instituciones sociales y acad\u00e9micas. En general, los 6 cursos precongreso tuvieron una buena acogida con una asistencia de 21 personas en promedio. De igual manera, queremos resaltar que el Congreso fue posible gracias al apoyo de nuestros&nbsp; patrocinadores: WWF, Ecosistemas del Dique, Conservaci\u00f3n internacional, Ecopetrol, Empresas P\u00fablicas de Medell\u00edn, Invemar, The Nature Conservancy Colombia, Fundaci\u00f3n ReverdeC, Cerrej\u00f3n, Fundaci\u00f3n Guayacanal, Ecodes, Grupo de Energ\u00eda de Bogot\u00e1, Fundaci\u00f3n Ecosistemas Secos y FAO, que junto con el Instituto Humboldt, el Jard\u00edn Bot\u00e1nico de Bogot\u00e1, Fundaci\u00f3n Natura, el Programa De Las Naciones Unidas Para El Desarrollo (PNUD), el Programa de las Naciones Unidas para el Medio Ambiente (PNUMA) y el Instituto Amaz\u00f3nico de Investigaciones Cient\u00edficas SINCHI como coorganizadores.<\/p>\n\n\n\n<figure class=\"wp-block-gallery has-nested-images columns-default is-cropped wp-block-gallery-2 is-layout-flex wp-block-gallery-is-layout-flex\">\n<figure class=\"wp-block-image size-large\"><img loading=\"lazy\" decoding=\"async\" width=\"640\" height=\"427\" data-id=\"172\" src=\"https:\/\/chapter.ser.org\/ser-iac\/files\/2023\/08\/Asistentes-5.jpeg\" alt=\"\" class=\"wp-image-172\" srcset=\"https:\/\/chapter.ser.org\/ser-iac\/files\/2023\/08\/Asistentes-5.jpeg 640w, https:\/\/chapter.ser.org\/ser-iac\/files\/2023\/08\/Asistentes-5-300x200.jpeg 300w, https:\/\/chapter.ser.org\/ser-iac\/files\/2023\/08\/Asistentes-5-600x400.jpeg 600w, https:\/\/chapter.ser.org\/ser-iac\/files\/2023\/08\/Asistentes-5-450x300.jpeg 450w, https:\/\/chapter.ser.org\/ser-iac\/files\/2023\/08\/Asistentes-5-400x267.jpeg 400w\" sizes=\"auto, (max-width: 640px) 100vw, 640px\" \/><\/figure>\n\n\n\n<figure class=\"wp-block-image size-large\"><img loading=\"lazy\" decoding=\"async\" width=\"640\" height=\"427\" data-id=\"171\" src=\"https:\/\/chapter.ser.org\/ser-iac\/files\/2023\/08\/FAO-SER-2023.jpeg\" alt=\"\" class=\"wp-image-171\" srcset=\"https:\/\/chapter.ser.org\/ser-iac\/files\/2023\/08\/FAO-SER-2023.jpeg 640w, https:\/\/chapter.ser.org\/ser-iac\/files\/2023\/08\/FAO-SER-2023-300x200.jpeg 300w, https:\/\/chapter.ser.org\/ser-iac\/files\/2023\/08\/FAO-SER-2023-600x400.jpeg 600w, https:\/\/chapter.ser.org\/ser-iac\/files\/2023\/08\/FAO-SER-2023-450x300.jpeg 450w, https:\/\/chapter.ser.org\/ser-iac\/files\/2023\/08\/FAO-SER-2023-400x267.jpeg 400w\" sizes=\"auto, (max-width: 640px) 100vw, 640px\" \/><\/figure>\n\n\n\n<figure class=\"wp-block-image size-large\"><img loading=\"lazy\" decoding=\"async\" width=\"640\" height=\"427\" data-id=\"168\" src=\"https:\/\/chapter.ser.org\/ser-iac\/files\/2023\/08\/Participacion-de-comunidades-indigenas-1.jpeg\" alt=\"\" class=\"wp-image-168\" srcset=\"https:\/\/chapter.ser.org\/ser-iac\/files\/2023\/08\/Participacion-de-comunidades-indigenas-1.jpeg 640w, https:\/\/chapter.ser.org\/ser-iac\/files\/2023\/08\/Participacion-de-comunidades-indigenas-1-300x200.jpeg 300w, https:\/\/chapter.ser.org\/ser-iac\/files\/2023\/08\/Participacion-de-comunidades-indigenas-1-600x400.jpeg 600w, https:\/\/chapter.ser.org\/ser-iac\/files\/2023\/08\/Participacion-de-comunidades-indigenas-1-450x300.jpeg 450w, https:\/\/chapter.ser.org\/ser-iac\/files\/2023\/08\/Participacion-de-comunidades-indigenas-1-400x267.jpeg 400w\" sizes=\"auto, (max-width: 640px) 100vw, 640px\" \/><\/figure>\n\n\n\n<figure class=\"wp-block-image size-large\"><img loading=\"lazy\" decoding=\"async\" width=\"640\" height=\"427\" data-id=\"166\" src=\"https:\/\/chapter.ser.org\/ser-iac\/files\/2023\/08\/Presidenta-SER-IAC-1.jpeg\" alt=\"\" class=\"wp-image-166\" srcset=\"https:\/\/chapter.ser.org\/ser-iac\/files\/2023\/08\/Presidenta-SER-IAC-1.jpeg 640w, https:\/\/chapter.ser.org\/ser-iac\/files\/2023\/08\/Presidenta-SER-IAC-1-300x200.jpeg 300w, https:\/\/chapter.ser.org\/ser-iac\/files\/2023\/08\/Presidenta-SER-IAC-1-600x400.jpeg 600w, https:\/\/chapter.ser.org\/ser-iac\/files\/2023\/08\/Presidenta-SER-IAC-1-450x300.jpeg 450w, https:\/\/chapter.ser.org\/ser-iac\/files\/2023\/08\/Presidenta-SER-IAC-1-400x267.jpeg 400w\" sizes=\"auto, (max-width: 640px) 100vw, 640px\" \/><\/figure>\n\n\n\n<figure class=\"wp-block-image size-large\"><img loading=\"lazy\" decoding=\"async\" width=\"640\" height=\"427\" data-id=\"164\" src=\"https:\/\/chapter.ser.org\/ser-iac\/files\/2023\/08\/Zoraida-Calle-2023.jpeg\" alt=\"\" class=\"wp-image-164\" srcset=\"https:\/\/chapter.ser.org\/ser-iac\/files\/2023\/08\/Zoraida-Calle-2023.jpeg 640w, https:\/\/chapter.ser.org\/ser-iac\/files\/2023\/08\/Zoraida-Calle-2023-300x200.jpeg 300w, https:\/\/chapter.ser.org\/ser-iac\/files\/2023\/08\/Zoraida-Calle-2023-600x400.jpeg 600w, https:\/\/chapter.ser.org\/ser-iac\/files\/2023\/08\/Zoraida-Calle-2023-450x300.jpeg 450w, https:\/\/chapter.ser.org\/ser-iac\/files\/2023\/08\/Zoraida-Calle-2023-400x267.jpeg 400w\" sizes=\"auto, (max-width: 640px) 100vw, 640px\" \/><\/figure>\n<\/figure>\n\n\n\n<p>&nbsp;<\/p>\n\n\n\n<p>Como equipo organizador, recibimos con agrado el haber contado con esta acogida masiva de parte de los interesados, hasta el punto de haber tenido que cerrar las inscripciones unas semanas antes. Para todos aquellos que pudieron acompa\u00f1arnos nuestro esfuerzo se centr\u00f3 en valorar y fortalecer la solidaridad humana y llenarnos de conocimiento y fortaleza para contribuir a gestionar bien los territorios, restaurando aquellos que se encuentran degradados por causas antr\u00f3picas.<\/p>\n\n\n\n<p>El Congreso deja claras las siguientes conclusiones:<\/p>\n\n\n\n<p>1. Los pa\u00edses deben contar con su plan nacional de restauraci\u00f3n ecol\u00f3gica y dentro de ellos los planes regionales y locales, en donde se priorice no solo los bienes y servicios para las comunidades humanas, sino el h\u00e1bitat para las dem\u00e1s especies.&nbsp;<\/p>\n\n\n\n<p>2.La restauraci\u00f3n ecol\u00f3gica podr\u00e1 ser exitosa si participan las partes interesadas, se realiza de manera inter y transdisciplinariamente y se cuenta con custodios o vigilantes de los proyectos hasta que sean alcanzadas las metas.<\/p>\n\n\n\n<p>3. Debe quedar claro para las partes interesadas que las plantaciones forestales no son proyectos, ni planes, de restauraci\u00f3n ecol\u00f3gica.<\/p>\n\n\n\n<p>4. Todo proyecto de restauraci\u00f3n ecol\u00f3gica debe contar con su plan de monitoreo de corto, mediano y largo plazo, para ello se debe contar con indicadores claros y de bajo costo.<\/p>\n\n\n\n<p>5. Para el desarrollo de la restauraci\u00f3n ecol\u00f3gica en Iberoam\u00e9rica, pero principalmente, Am\u00e9rica Latina se deben seguir fortaleciendo las sociedades y redes nacionales y locales. De esta manera, se podr\u00e1 contar con una masa cr\u00edtica permanente y en crecimiento.<\/p>\n\n\n\n<figure class=\"wp-block-gallery has-nested-images columns-default is-cropped wp-block-gallery-3 is-layout-flex wp-block-gallery-is-layout-flex\">\n<figure class=\"wp-block-image size-large\"><img loading=\"lazy\" decoding=\"async\" width=\"640\" height=\"427\" data-id=\"169\" src=\"https:\/\/chapter.ser.org\/ser-iac\/files\/2023\/08\/Interaccion-de-Conferencista-y-asistentes-1.jpeg\" alt=\"\" class=\"wp-image-169\" srcset=\"https:\/\/chapter.ser.org\/ser-iac\/files\/2023\/08\/Interaccion-de-Conferencista-y-asistentes-1.jpeg 640w, https:\/\/chapter.ser.org\/ser-iac\/files\/2023\/08\/Interaccion-de-Conferencista-y-asistentes-1-300x200.jpeg 300w, https:\/\/chapter.ser.org\/ser-iac\/files\/2023\/08\/Interaccion-de-Conferencista-y-asistentes-1-600x400.jpeg 600w, https:\/\/chapter.ser.org\/ser-iac\/files\/2023\/08\/Interaccion-de-Conferencista-y-asistentes-1-450x300.jpeg 450w, https:\/\/chapter.ser.org\/ser-iac\/files\/2023\/08\/Interaccion-de-Conferencista-y-asistentes-1-400x267.jpeg 400w\" sizes=\"auto, (max-width: 640px) 100vw, 640px\" \/><\/figure>\n\n\n\n<figure class=\"wp-block-image size-large\"><img loading=\"lazy\" decoding=\"async\" width=\"640\" height=\"427\" data-id=\"162\" src=\"https:\/\/chapter.ser.org\/ser-iac\/files\/2023\/08\/Conferencia-de-Florencia-2023.jpeg\" alt=\"\" class=\"wp-image-162\" srcset=\"https:\/\/chapter.ser.org\/ser-iac\/files\/2023\/08\/Conferencia-de-Florencia-2023.jpeg 640w, https:\/\/chapter.ser.org\/ser-iac\/files\/2023\/08\/Conferencia-de-Florencia-2023-300x200.jpeg 300w, https:\/\/chapter.ser.org\/ser-iac\/files\/2023\/08\/Conferencia-de-Florencia-2023-600x400.jpeg 600w, https:\/\/chapter.ser.org\/ser-iac\/files\/2023\/08\/Conferencia-de-Florencia-2023-450x300.jpeg 450w, https:\/\/chapter.ser.org\/ser-iac\/files\/2023\/08\/Conferencia-de-Florencia-2023-400x267.jpeg 400w\" sizes=\"auto, (max-width: 640px) 100vw, 640px\" \/><\/figure>\n\n\n\n<figure class=\"wp-block-image size-large\"><img loading=\"lazy\" decoding=\"async\" width=\"640\" height=\"427\" data-id=\"165\" src=\"https:\/\/chapter.ser.org\/ser-iac\/files\/2023\/08\/Presidente-SER-Europa-1.jpeg\" alt=\"\" class=\"wp-image-165\" srcset=\"https:\/\/chapter.ser.org\/ser-iac\/files\/2023\/08\/Presidente-SER-Europa-1.jpeg 640w, https:\/\/chapter.ser.org\/ser-iac\/files\/2023\/08\/Presidente-SER-Europa-1-300x200.jpeg 300w, https:\/\/chapter.ser.org\/ser-iac\/files\/2023\/08\/Presidente-SER-Europa-1-600x400.jpeg 600w, https:\/\/chapter.ser.org\/ser-iac\/files\/2023\/08\/Presidente-SER-Europa-1-450x300.jpeg 450w, https:\/\/chapter.ser.org\/ser-iac\/files\/2023\/08\/Presidente-SER-Europa-1-400x267.jpeg 400w\" sizes=\"auto, (max-width: 640px) 100vw, 640px\" \/><\/figure>\n<\/figure>\n","protected":false},"excerpt":{"rendered":"<p>I Congreso Mexicano y VII Iberoamericano y del Caribe de Restauraci\u00f3n Ecol\u00f3gica V Congreso Colombiano y VI Iberoamericano y del Caribe de Restauraci\u00f3n Ecol\u00f3gica \u201cIntegrando saberes de las monta\u00f1as a [&hellip;]<\/p>\n","protected":false},"author":90,"featured_media":93,"parent":0,"menu_order":0,"comment_status":"closed","ping_status":"closed","template":"","meta":{"_acf_changed":false,"footnotes":"","_links_to":"","_links_to_target":""},"class_list":["post-154","page","type-page","status-publish","has-post-thumbnail","hentry"],"acf":[],"_links":{"self":[{"href":"https:\/\/chapter.ser.org\/ser-iac\/wp-json\/wp\/v2\/pages\/154","targetHints":{"allow":["GET"]}}],"collection":[{"href":"https:\/\/chapter.ser.org\/ser-iac\/wp-json\/wp\/v2\/pages"}],"about":[{"href":"https:\/\/chapter.ser.org\/ser-iac\/wp-json\/wp\/v2\/types\/page"}],"author":[{"embeddable":true,"href":"https:\/\/chapter.ser.org\/ser-iac\/wp-json\/wp\/v2\/users\/90"}],"replies":[{"embeddable":true,"href":"https:\/\/chapter.ser.org\/ser-iac\/wp-json\/wp\/v2\/comments?post=154"}],"version-history":[{"count":0,"href":"https:\/\/chapter.ser.org\/ser-iac\/wp-json\/wp\/v2\/pages\/154\/revisions"}],"wp:featuredmedia":[{"embeddable":true,"href":"https:\/\/chapter.ser.org\/ser-iac\/wp-json\/wp\/v2\/media\/93"}],"wp:attachment":[{"href":"https:\/\/chapter.ser.org\/ser-iac\/wp-json\/wp\/v2\/media?parent=154"}],"curies":[{"name":"wp","href":"https:\/\/api.w.org\/{rel}","templated":true}]}}